?
-2
Let p be -2*(1 + 3/2). Let u = 2 - 2. Let s = u + p. Let z(i) = -i**2 - 6*i - 2. Determine z(s).
3
Let a(r) = -7*r + 11. Let q(h) = 11*h - 16. Let m(w) = -8*a(w) - 5*q(w). Let c = 238 + -230. What is m(c)?
0
Let b(d) = 5*d + 3. Let u(c) = 56*c + 32. Let m(n) = 32*b(n) - 3*u(n). Calculate m(1).
-8
Let y(d) = -d - 5. Let w be y(-8). Let b(r) = 0*r**w + 8 + r**3 - r**2 - 6*r**2 + r**2. Determine b(6).
8
Let a(i) = 2*i**2 + 2*i - 23*i**3 + 1 + 2*i**2 + 24*i**3. Determine a(-3).
4
Let v = 1 - -2. Let r(t) = 4*t**3 - 4*t - v*t**2 + 3 - t - 3*t**3. Suppose 24 = z + 4*l, 5*z + l + l = 30. Calculate r(z).
-1
Let m(r) = -2*r + 2*r**3 + r**3 + r. Let b(o) = 2*o**2 - 4*o - 1. Let j be b(3). Suppose -3*u - c + j = -2, 0 = -u - 3*c + 13. Give m(u).
2
Let c = -5 + 2. Let d = 2 - 1. Let y(b) = 12*b**2 - d + 2*b - 6*b**2 - 4*b**2. Determine y(c).
11
Let p(x) = -x**2 - 7*x + 6. Let t be p(-6). Let g be ((-12)/(-16))/((-1)/t). Let w be -6*(g/(-6) + -1). Let s(n) = n**2 + 3*n + 2. What is s(w)?
2
Suppose 10*d - 10 = 5*d. Let s(j) be the second derivative of -j**4/4 + j**3/6 + j**2/2 + 4*j. Determine s(d).
-9
Let o(v) = v**2 - 6*v - 41. Let x be o(10). Let k(y) = 2*y**2 + 2*y + 1. What is k(x)?
1
Let a(k) be the third derivative of -7/60*k**5 + 0*k + 7/2*k**3 + 0 + 0*k**4 + 2*k**2. Let s(h) = 3*h**2 - 10. Let x(t) = 4*a(t) + 9*s(t). Calculate x(0).
-6
Suppose -w + 55 = 3*r + 4*w, 0 = -5*r - 3*w + 97. Suppose -t = 4*t + r. Let b(a) = 8*a - a - 2*a + a**2. Calculate b(t).
-4
Let h(i) = 7*i**2 + 3*i + 8. Let g(m) = 4*m**2 + m + 4. Let n(b) = 5*g(b) - 3*h(b). Suppose 0 = -t + 10*t + 36. What is n(t)?
-4
Let i(y) = -y - 4. Let h(w) = -w**3 - 6*w**2 + 6*w + 1. Let j be h(-7). Suppose -5*g = 3*c + 2, -g + 6*g = -2*c - j. Give i(c).
-10
Let v(w) be the first derivative of -10*w**3/3 - w**2/2 - 18. Determine v(1).
-11
Let q = 7 - 4. Let o(u) = -2*u - u**2 - u**2 - u**3 + 3 + 2*u**q + u**2. Calculate o(2).
3
Let q(r) = -r**3 - r - 1. Let o(t) = 4*t**3 - 8*t**2 + 3*t + 5. Let n(f) = -o(f) - 3*q(f). Let a be n(8). Let u(b) = b**3 + 2*b**2 + 2*b + 3. Calculate u(a).
-1
Let n(q) = -q**2 - 3. Let z be n(0). Let l(u) = -u**2 - u + 1. What is l(z)?
-5
Let i be (-4)/(-18) + 77/(-63). Let o be 2/(4 + -2)*i. Let r(j) = -4. Let w(q) = q. Let y(b) = o*r(b) - w(b). Determine y(5).
-1
Let x = -10 + 22. Let r = -8 + x. Let s(k) = 11*k**2 + 15*k + 11. Let d(f) = -5*f**2 - 7*f - 5. Let o(t) = r*s(t) + 9*d(t). Calculate o(-2).
1
Let v(u) = 2 + 2 - 2 + u**2 + 3*u - 4. What is v(-4)?
2
Let r = 2 + 3. Let p(c) be the first derivative of 4*c + 2 - 1/4*c**4 + 5/3*c**3 - 1/2*c**2. Determine p(r).
-1
Let m(z) = -6*z**3 - z**2 + z - 1. Let a be (-6)/(-27) + (-43)/(-9). Let r(l) = l**2 - 8*l + 5. Let d be r(a). Let x be (1/(-2))/(5/d). What is m(x)?
-7
Let v(z) be the third derivative of z**7/5040 + z**6/180 + z**5/15 + 5*z**2. Let p(t) be the third derivative of v(t). What is p(-3)?
1
Let x be -4 - -9*8/12. Let u(l) = 2*l**3 - 4*l**2 + 4*l - 2. What is u(x)?
6
Suppose 10 + 2 = 4*s. Let u be (-7)/(-3) + 2/s. Let c(p) = -p**3 + p**2 - u - p + 4 + 1. Determine c(0).
2
Let j(p) be the first derivative of -p**3/3 - p**2 + 20. Calculate j(-1).
1
Let o be -2 + 2 - (-4)/(-2). Let g(w) = -13*w**2 - 13*w + 10. Let u(s) = 4*s**2 + 4*s - 3. Suppose x + 4 = 11. Let z(d) = x*u(d) + 2*g(d). What is z(o)?
3
Let d be ((-9)/6 + 1)*0. Let x(w) = -w. What is x(d)?
0
Let v(p) = p**3 - 4*p**2 + 4*p. Let l be v(3). Let m be l*(2 - 1) - 1. Let f(g) = -g + 1. Let c(n) = -n - 2. Let o(x) = -c(x) - 4*f(x). Determine o(m).
8
Let t be 3 + -3 + 7 + -2. Let d(w) be the first derivative of 1 - t*w + 1/2*w**2. Give d(5).
0
Let g = -2 - -1. Let x = g - 0. Let l be ((-3)/(-4))/(x/4). Let a(b) = -b**2 - 3*b + 1. Give a(l).
1
Let u(l) = 2 + 2 - 2 - l**3. Let x be u(0). Let q(b) = -5*b - 2 - 4 + b**3 - b**2 + 4*b**x. Give q(-4).
-2
Let b = 23 + -16. Suppose -b + 8 = h. Let r(g) = 11*g**2 + g - 1. Determine r(h).
11
Let u(y) = -7 + 1 + 6 - y + 4. Determine u(5).
-1
Let i(o) = 18*o**2 - o**3 - 14*o**2 + 6 + 3*o + o. Let p(v) = -2*v**3 + 9*v**2 + 8*v + 13. Let k(n) = -13*i(n) + 6*p(n). Calculate k(-3).
3
Suppose -l - w + 5 = 0, 3*l + w = -4*w + 25. Let c(f) be the first derivative of l*f**2 - 5/3*f**3 + f + 2. What is c(-1)?
-4
Let r(v) = 7*v**3 + 3*v**2 - 5*v - 15. Let h(t) = 3*t**3 + t**2 - 2*t - 7. Let p(z) = -9*h(z) + 4*r(z). Suppose 0 = -j - j + 2. Let k = j + -4. Give p(k).
9
Let r(u) = u**3 - 6*u**2 + 4*u + 7. Let o be r(5). Suppose -5*p = o*g - 7, 2*g - 2*p = -0*g. Let q(z) = 15*z. Calculate q(g).
15
Let t(b) = 2*b**2 + 2*b + 2. Let i be (-2)/(-3)*2*(-15)/10. Determine t(i).
6
Let u(v) be the third derivative of v**4/12 + v**3 + 13*v**2. Let j(f) = -2*f + 8. Let g be j(6). Determine u(g).
-2
Let w(m) = m. Let v(u) = -3*u. Let z = 0 + -3. Let a be v(z). Suppose 0*s + s = -k + a, 0 = 5*k + 4*s - 41. Calculate w(k).
5
Let b(t) be the third derivative of -t**6/120 - 7*t**5/60 - t**4/4 - 2*t**3/3 - 43*t**2. Calculate b(-6).
-4
Suppose 5*h - 7*h = -8. Let t(w) = -w**3 + 5*w**2 - 5*w + 4. Determine t(h).
0
Let p(j) = j. Let f be (-7 + 28)/(6/4). Suppose -4*z = -2*c - f, -5*c - 23 = -z + 3*z. Determine p(z).
1
Let h(m) = -m**3 + 7*m**2 - 4*m + 1. Let o be h(6). Let x be 4/(-8) + o/2. Let q(n) = -n + 3. What is q(x)?
-3
Let a(q) = -q**2 - 5*q. Suppose -3*i - 4 = 8. Let z be a(i). Let p(w) = w - 1. Determine p(z).
3
Let m(f) = -f**2 + 3. Let t be m(2). Let l(g) = g. Calculate l(t).
-1
Let a(i) be the third derivative of i**6/120 - i**5/10 + i**4/6 + i**3/6 - i**2. Let y(w) = -6*w - 7. Let p be y(-2). Give a(p).
-4
Let r(j) be the second derivative of 1/3*j**3 + 1/20*j**5 + 0 - j + 1/2*j**4 + 4*j**2. Give r(-6).
-4
Let o(s) = -s**2 - 2 + 0 + 1 - 2*s. Let b = -3 + 3. Let y = -2 - b. Give o(y).
-1
Let s(d) = 3*d**3. Let x = -11 - -14. Suppose 0 = 5*z - x + 8. Calculate s(z).
-3
Let c(s) be the second derivative of -s**7/2520 + s**6/360 + s**5/120 - s**4/4 + 3*s. Let y(v) be the third derivative of c(v). Give y(3).
-2
Let g(l) = l**2 + 9. Suppose o - 16 = 2*j + 2*o, 4*j + o + 30 = 0. Let n = j + 7. Determine g(n).
9
Let b(s) be the first derivative of 2*s**3/3 + 3*s**2/2 + 3*s + 7. What is b(-2)?
5
Let l(a) = -a**2 - 7*a - 6. Let x(k) = k**2 - 14*k - 6. Let c be x(14). Determine l(c).
0
Let d(f) = -2*f + 5. Let a(x) = x - 4. Let b(s) = 3*a(s) + 2*d(s). Give b(2).
-4
Let p = -82 - -78. Let y(w) = -w**3 - 4*w**2 + 1. Calculate y(p).
1
Suppose -5*o - 5 = -0. Suppose 4*x = x - 15. Let b(y) = -3*y**2 + y - 3. Let m(w) = -7*w**2 + 3*w - 7. Let k(v) = x*b(v) + 2*m(v). Determine k(o).
1
Let d(i) = i**2 + i - 4. Let y(p) = 3*p**2 + 3*p - 11. Let x(k) = 8*d(k) - 3*y(k). What is x(0)?
1
Let t(u) be the first derivative of -2*u**3/3 + 5*u**2/2 - 3*u - 2. What is t(3)?
-6
Let x(h) be the first derivative of -h**4/12 - h**3/6 - 2*h**2 + 2*h - 5. Let a(z) be the first derivative of x(z). Give a(0).
-4
Suppose 19 + 5 = -4*w. Let s(h) = h**3 + 5*h**2 - 3*h - 1. Give s(w).
-19
Suppose -18 = -k + 3*y, 38 = 5*k - 3*y + y. Let m(l) = 4*l + 13 + k - 20. What is m(2)?
7
Let k(p) = -2*p. Let s(l) = -l**2 + 3*l. Let x(h) = -5*k(h) - 4*s(h). Suppose 4 + 18 = j - 4*d, -5*d = -2*j + 29. Determine x(j).
12
Let n(p) = p**3 - 3*p**2 - 1. Suppose -2*x = -4*q - 6, -5*x - q + 4 = -11. Calculate n(x).
-1
Let b(u) = 0*u - 5 + 5 + 6*u + 3. What is b(-2)?
-9
Let t(u) = 3*u + u**2 + 3 + 0*u**2 - 4. Suppose -4*m - m + 5 = 0. Let y be 4*(-2 + m)*1. Determine t(y).
3
Suppose 2 = 2*a - 3*n, -2*a + 5*n = -5 + 7. Suppose v - 5*v = 0. Suppose a*q = -v*q. Let h(x) = x**2 + 5. Give h(q).
5
Let a(y) = -3*y + 2. Let z be a(-4). Let k = 22 - z. Let h = 5 - k. Let i(s) = -s - 2. Determine i(h).
1
Suppose w = 2 - 6. Let u = w + 3. Let d(j) = -5*j**2 - 1. Determine d(u).
-6
Let t be ((-1)/(-2))/1*-26. Let m be (1 - 0) + (-20)/2. Let l = t - m. Let d(f) = -2*f - 4. What is d(l)?
4
Let q(c) = -c**2 - c + 5. Suppose -4*x + 7 = -5. Let r be (-1)/(-2)*(x - 3). Calculate q(r).
5
Let j(y) = -y - 1. Let w = 9 + -7. Let o = 3 + w. What is j(o)?
-6
Let q(u) = -2*u + 2 - 4*u**2 - u**3 - u**2 - 1. Suppose o - 5 = 4. Suppose -11 = 4*s + o. What is q(s)?
11
Let t = 0 - -7. Let p be 4/16 - (-46)/8. Suppose -t*j = -p*j. Let v(l) = -l**3 - l**2 - l + 6. Calculate v(j).
6
Let y(u) be the first derivative o